2*g + 6. Suppose -6*s + 2*s - 4 = 0, -6 = -i - 4*s. Let r be k(i). Calculate the highest common factor of r and 104.
26
Let z be (-80)/(-12)*3*2. Let v be (-106)/(-10) - (-16)/z. Calculate the highest common divisor of 22 and v.
11
Let o = 83 - 88. Let v be -72*((-30)/(-9))/o. Suppose 0 = 5*u + c - 80, 3*u + 0*c = 3*c + 48. Calculate the highest common factor of u and v.
16
Let m = -509 - -529. What is the highest common factor of m and 18?
2
Suppose 32 = -0*g - g + 4*c, 5*g - 5*c + 175 = 0. Let t = -31 - g. Calculate the greatest common divisor of 55 and t.
5
Suppose k + 5*g - 29 + 7 = 0, -5*g = 0. Let z be (-33)/(-15) + 76/(-380). Calculate the greatest common divisor of z and k.
2
Let f(g) = -g - 8. Let r be ((-38)/6)/(3/9). Let k be f(r). Calculate the highest common factor of k and 11.
11
Suppose -4*x + 4*r = -2063 + 7, -2*r + 4 = 0. What is the highest common factor of 12 and x?
12
Let n(p) = -3*p**3 - 2*p**2 + 2. Let t be n(-1). Suppose 0 = t*g - 163 + 22. Calculate the highest common factor of g and 329.
47
Let o be (4 - 336/98)/((-3)/(-273)). Let q be (-2338)/(-5) - (-4)/10. Calculate the greatest common factor of q and o.
52
Let j = -649 + 782. Calculate the highest common divisor of j and 38.
19
Suppose 1521*b - 700 = 1519*b. Calculate the highest common divisor of 112 and b.
14
Suppose 0 = -4*i + 127 - 35. Suppose z - 16 = -4*u - 5, -u + 14 = 4*z. Suppose w + z = i. What is the greatest common factor of 160 and w?
20
Let n be 3*(-1 + 10/6). Suppose 42 = 5*x + n. Calculate the highest common factor of 8 and x.
8
Suppose 2*a = -3*u + 704, -273*u + 4*a + 972 = -269*u. What is the greatest common divisor of 322 and u?
14
Let l be -2*3/(-4)*2. Suppose -k = -l*k. Suppose k = -3*g - 3*a + 387, -g + a = -71 - 56. What is the greatest common factor of 32 and g?
32
Let y = 324 - 320. Calculate the highest common divisor of y and 172.
4
Let o = 59 - 74. Let i be 100/o*36/(-10). Calculate the greatest common divisor of 16 and i.
8
Let f = 65 + 79. Let p = -95 + f. What is the greatest common factor of p and 14?
7
Let h be 12*77*12/252. Calculate the highest common factor of 132 and h.
44
Let f = -7 - 3. Let v be (-156)/f*(-20)/(-6). Suppose -5*i = 3*y - 49, -5*i + 0*i - 4*y = -v. Calculate the highest common divisor of 16 and i.
8
Let v be 46 - 32/56*14/(-4). Calculate the greatest common divisor of 768 and v.
48
Let x(u) = 7*u - 3. Let t be x(2). Suppose -140 = -t*c + 6*c. Calculate the greatest common divisor of 224 and c.
28
Let m = -5 - -5. Suppose 3*a - 7 - 14 = m. Suppose -7*p + 8 - 1 = 0. What is the greatest common factor of a and p?
1
Suppose -176*i + 201*i - 2025 = 0. What is the greatest common factor of i and 99?
9
Let g(h) = -9*h - 39. Let f be g(-12). Suppose 42 = 4*y - 2*y + 2*s, 3*y - 3*s - f = 0. Let r be 43/4 - (-2)/8. Calculate the greatest common factor of y and r.
11
Suppose -45 - 9 = -3*h + 3*o, 3*h - 5*o - 62 = 0. What is the highest common divisor of h and 2660?
14
Suppose 7 = -3*b - 17. Let g(t) = -t - 8. Let p be g(b). Let f = p - -2. Calculate the greatest common factor of f and 1.
1
Let p(s) = 11*s**2 - 21*s + 120. Let c be p(6). Calculate the highest common divisor of c and 78.
78
Let c be (80/6 + 4/(-12))*9. Calculate the highest common divisor of 45 and c.
9
Let r(y) = 2*y + 4. Let c be r(0). Suppose 4*j + 5*g + 9 = 0, g + 2*g + 31 = c*j. Suppose 3*m - 54 = 54. Calculate the greatest common divisor of j and m.
4
Let g be 8 + 2 + -3 + 2. Let k(v) = -v**3 + 3*v**2 + 2*v - 5. Let y be k(-4). What is the highest common factor of y and g?
9
Let b(w) = -w**2 + w + 224. Let v be b(0). Calculate the highest common factor of 28 and v.
28
Let u(g) = -g**3 - 6*g**2 + 2. Let m = -7 + 1. Let o be u(m). Suppose -4*k = -o*k - 26. What is the greatest common factor of k and 39?
13
Suppose a - 50 = -h, -h + 0*a = 2*a - 52. Suppose i + 44 = n - h, 3*n - 260 = -i. What is the highest common factor of n and 8?
8
Let q be (16 + 0)*1/2. Let i = -25 - -49. Let z = i - q. What is the highest common divisor of z and 16?
16
Suppose 0 = -2*b + 3*l + 288, 5*b - 121 - 617 = 3*l. Let c be (b/(-21))/(3/(-21)). Let m be 9/(36/(-80))*-1. Calculate the greatest common factor of c and m.
10
Let y(j) = 8*j**3 + j**2 - 2*j + 2. Let k be y(1). What is the highest common divisor of k and 12?
3
Suppose -4*o = 3*j - 43, -j = -3*j + 2. Suppose 0 = -x + 8 + 12. What is the highest common factor of x and o?
10
Let j(s) = s + 30. Let f be j(0). Let z(x) = 1 - 1 + f*x. Let m be z(2). Calculate the highest common divisor of 15 and m.
15
Suppose -21*t - 1102 + 2866 = 0. What is the greatest common divisor of 84 and t?
84
Let m = -2142 - -2302. Let w be -10*(-4)/(4/2). What is the greatest common factor of m and w?
20
Suppose -3248 - 7312 = -12*y. Calculate the highest common factor of 40 and y.
40
Let k(b) = -27*b**3 - 2*b**2 + 7*b + 5. Let m(z) = -z**3 - z**2. Let r(l) = k(l) - 6*m(l). Let o be r(-2). Calculate the highest common divisor of o and 35.
35
Let h(z) = 16*z + 79. Let d be h(2). Suppose -4*g + 175 + 121 = 0. Calculate the greatest common divisor of d and g.
37
Let i = 736 - 606. What is the highest common divisor of i and 1690?
130
Let a be (-290)/(-580) - (137/(-2) - 1). Calculate the greatest common factor of a and 170.
10
Suppose -g = 4*m - 256, -5*m = -34*g + 31*g + 819. Calculate the highest common divisor of g and 4.
4
Suppose 4 = -4*w - 5*l, -6 = -w + l + 2. Let v be (w - 10)/(-2) + 21. Calculate the greatest common factor of v and 8.
8
Suppose -b = -5*x + 31 - 27, -5*b + x + 52 = 0. Let g = 129 - 30. Calculate the highest common divisor of g and b.
11
Let i = -431 + 440. Let t = -7 - -10. What is the greatest common factor of t and i?
3
Let i = -72 + 152. Suppose -l = 4*h - 124, -3*h = -3*l + 7*l - i. Calculate the greatest common divisor of 256 and h.
32
Let s = -30 - -33. Suppose -4*l = -475 + 467. Calculate the highest common divisor of s and l.
1
Suppose 0 = -6*m + 3 + 33. Calculate the greatest common divisor of 246 and m.
6
Let q be (-2)/(-4)*22*4. Suppose 2*m = 0, 3*m - 3 = -2*z + 5. Suppose 108 = z*i - q. Calculate the greatest common factor of i and 95.
19
Suppose -2357*p + 486 = -2339*p. Calculate the highest common divisor of p and 108.
27
Let b be 111 + (-22)/(-44) + (-1)/2. What is the greatest common divisor of b and 148?
37
Suppose 0 = -148*u + 162*u - 4060. What is the greatest common divisor of 10 and u?
10
Let s = -771 + 1371. What is the highest common divisor of s and 240?
120
Let c = -23 + 28. Suppose -4*a - c*k + 659 = 0, -2*a + a + 164 = k. What is the highest common divisor of a and 23?
23
Let x(v) = 8 - 13 - v**2 - 15 - v - 23*v. Let m be x(-22). Calculate the greatest common factor of 18 and m.
6
Let c be ((-148)/8)/((-3)/(-12)). Let h = -34 - c. Let v be (24/(-14))/3*-7. Calculate the greatest common divisor of h and v.
4
Let o be 14/6 - (-25)/(-75). Suppose 3*y - y - 4*q - 184 = 0, o*y = -q + 179. What is the greatest common divisor of 20 and y?
10
Suppose 5*q - 51 = -5*v + 74, 3*v - 4*q - 75 = 0. What is the highest common factor of v and 825?
25
Let y be (-3*1)/(6/(-40)). Let r = 128 - 69. Suppose 41 = 5*b - r. What is the highest common divisor of y and b?
20
Suppose -2*v - 30 = -y, -2*y + 5*v = -3*y + 30. Let z = 32 - y. Suppose 2*r + 7 = 5*t + 17, -22 = -z*r + 2*t. Calculate the highest common divisor of 30 and r.
15
Suppose -c - 4*b + 36 = 0, -c + 3*c + b - 51 = 0. Calculate the greatest common factor of 376 and c.
8
Let k be (108/(-16))/(9/24). Let q = -12 - k. What is the highest common factor of q and 24?
6
Let m(b) = 5*b + 90. Let i be m(-18). Suppose 5*s + 4*w - 184 = s, w = i. What is the greatest common factor of s and 230?
46
Let s(c) = -2*c**3 - c**2 - 5*c + 9. Let u be s(2). Let j = 97 + u. What is the highest common divisor of 19 and j?
19
Let h(q) = -3*q**3 - q**2 - q. Let k be h(-1). Let r be -5 - -2 - (-8)/2. Let b = 32 + r. What is the greatest common divisor of b and k?
3
Let j(w) be the first derivative of 13*w**2/2 - 9*w + 5. Let k be j(-3). Let b be -4 - k - (-1 + 3). What is the greatest common divisor of b and 6?
6
Let i(t) = -t**3 + 16*t**2 + 17*t - 42. Let a be i(16). What is the greatest common factor of 40 and a?
10
Let y be ((-195)/26)/((-6)/(-40)). Let k = 31 - y. Let i be k/